) - (-3)/h is divided by n.
7
Let u(k) = 13*k**3 + k - 1. Suppose -3*i - 2 = -11. Suppose i*h = -2*h + 190. What is the remainder when h is divided by u(1)?
12
Suppose -6*n - 3*d = -2*n - 307, 3*n - d = 227. What is the remainder when -5*(2 - n/10) is divided by 10?
8
Let x(w) = w + 6. Let y be x(-3). Suppose -y*g - 37 = -127. Calculate the remainder when 58 is divided by g.
28
Suppose -3*d - 2*d - 25 = 0. Let p(s) = s**2 - 7*s - 3. What is the remainder when p(d) is divided by 15?
12
Suppose 8*f - 55 = 3*f. Let g(n) = 2*n + 5. Let o be g(-10). Let m = 5 - o. What is the remainder when m is divided by f?
9
Let w = -5 + 9. Suppose -2*k = q - 12, -q + 14 = -0*k + w*k. What is the remainder when 17 is divided by q?
7
Let q(u) = 5*u. Let x be q(3). Let o = x - 3. Suppose -23 - 11 = -y. Calculate the remainder when y is divided by o.
10
Suppose 56 = 4*j + 5*p, 2*j - 1 = 3*j + 5*p. What is the remainder when 49 is divided by j?
11
Suppose -2*w + 58 = 5*r, 4*w = -5*r + 3*w + 59. Suppose i - 18 = -3*y + y, 4*y = 2*i - r. What is the remainder when 21 is divided by i?
9
Let z = 37 + -73. Calculate the remainder when 18 is divided by z/(-8) + 1/2.
3
Suppose -4*g - 28 = 4*q, -2*g - q - 5 = 9. Let m(b) = -b**3 - 8*b**2 - 8*b - 4. Calculate the remainder when (-6)/(-24) - 62/(-8) is divided by m(g).
2
Suppose -4*r + v = 93, -r + 0*v - 20 = 3*v. Let x = 32 + r. What is the remainder when x is divided by 3?
0
Let j(i) be the third derivative of i**4/24 + 29*i**3/6 + 5*i**2. Calculate the remainder when j(0) is divided by -1 + 1 - (-30)/2.
14
Suppose -2*s + 44 = 6. What is the remainder when 34 is divided by s?
15
Calculate the remainder when 8 is divided by 1/((-6)/10*(-4)/12).
3
Let j = -32 - -61. What is the remainder when j is divided by 6?
5
Suppose 2*a - 71 = -5*i, -i - 4*a = -34 + 9. Calculate the remainder when 24 is divided by i.
11
Let i(q) = q**2 - 3. Let f be i(3). Suppose 4*o - 6 = f. Let y(p) = p**2 + 10*p + 11. What is the remainder when o is divided by y(-9)?
1
Let x be (9/(-4))/(6/(-112)). Suppose -x = -4*l + j + 24, -5*l + 90 = -5*j. Calculate the remainder when 31 is divided by l.
15
Let j = -2 + 6. Suppose 0 = 2*z - 4*q - 18, -j*q = 4*z - 0*z - 48. Suppose z = a + m, 5*a - 4*m = -m + 47. What is the remainder when 39 is divided by a?
9
Suppose 0 = 17*i - 12*i - 65. Suppose -s = -28 - 20. What is the remainder when s is divided by i?
9
Suppose 4*m = 5*m - 4. Suppose 0 = -5*t + 19 - m. Suppose 0 = -4*b + 3*b + 1. Calculate the remainder when t is divided by b.
0
Let n be -5*((-18)/15)/3. Let a be 87/15 + n/10. Calculate the remainder when 17 is divided by -3*3/a*-6.
8
Suppose -3*a + 3*o + o = -134, 0 = -2*a + 5*o + 94. Suppose a = 3*w - 3*l - 51, 2*l - 8 = 0. Calculate the remainder when w is divided by 12.
11
Suppose 3*a = -4*v + 28 + 2, 58 = 5*a + 4*v. Calculate the remainder when a is divided by 6.
2
Let c(s) = 3*s - 2. Let a be c(2). Suppose -44 - 84 = -a*n. What is the remainder when n is divided by 11?
10
Let h = 91 + -65. Let z = -15 + h. Let n(f) = -f**2 - 13*f + 1. What is the remainder when n(-10) is divided by z?
9
What is the remainder when 20/(-6)*816/(-40) is divided by 23?
22
Let g(m) = m - 5. Let d be g(5). Let f be (-3)/(-2)*(-8)/6. Calculate the remainder when f - (-51 + d + 0) is divided by 25.
24
Suppose -x - 4*x - 4*g = 1, 4*x + 5*g + 8 = 0. Suppose n + x*n - 8 = 0. Suppose 15 = -n*d + 5*d. Calculate the remainder when d is divided by 2.
1
What is the remainder when (40/6)/(6/18) is divided by 11?
9
Let a(c) = -c + 17. What is the remainder when (-2)/(2 + 0) + 42 is divided by a(-4)?
20
Let r = 2 - 5. Calculate the remainder when 15 is divided by r/(-2)*-1*-6.
6
Let h(y) = -7*y**2 + 2*y - 1. Let d be h(1). Suppose 2*m - 9 + 3 = 0. What is the remainder when 13 is divided by 1*m/d*-8?
1
What is the remainder when (-438)/(-15) + 15/(-75) is divided by 16?
13
Suppose 6*a = a - 20. Let q = a + -4. What is the remainder when 32 is divided by 2/q + (-45)/(-4)?
10
Let j(f) = -2 + 4 - 4*f + 0*f. Let x(i) = 2*i**3 - 6*i**2 + 2*i. Calculate the remainder when x(4) is divided by j(-3).
12
Let a(d) = -3*d**2 - 14*d - 4. Let w be a(-11). Let c = -130 - w. Calculate the remainder when c is divided by 28.
27
Let o(t) = 3*t**2 + 4*t + 5. Let v(j) = -2*j**2 - 2*j - 3. Let r(g) = -6*o(g) - 10*v(g). Let c(x) = x. Calculate the remainder when r(3) is divided by c(4).
2
Suppose 3*o = -2*v + 13, -3*o + 2 = 3*v - 2*o. Let l = 1 - v. What is the remainder when l + 0 - (0 + -27) is divided by 10?
9
Let g(l) = l**2 - 10*l - 3. Calculate the remainder when g(14) is divided by 14.
11
Suppose -5*c = -d + 32, 5*c + 5*d - 4 = -24. Let p = c - -6. Suppose -a - 4*q + 18 = 0, p = 5*a - 3*q + q - 134. Calculate the remainder when a is divided by 9.
8
Suppose -7*y = -10*y - 24. Let n = y - -16. Calculate the remainder when 23 is divided by n.
7
Calculate the remainder when 27 is divided by (-58)/(-6) + 11/(-3) + 4.
7
Let i(c) = -3 - 2*c**3 + 2*c**3 - 9*c + c**3 - 10*c**2. Calculate the remainder when 74 is divided by i(11).
17
Suppose t + j - 46 = 0, -49 = -t + j + j. Let w(b) = b**3 - 13*b**2 + 12*b + 16. Calculate the remainder when t is divided by w(12).
15
Let u = -20 + 21. Calculate the remainder when 2 is divided by u.
0
Suppose -r + 4*r - 33 = 0. Let p(s) = -s**3 + 14*s**2 - 17*s - 3. Let h be p(12). Suppose 0 = -5*g + 79 + h. What is the remainder when g is divided by r?
10
Let z = 132 - 93. What is the remainder when z is divided by 6?
3
Let o = 88 - 17. Suppose 3*k + 49 + 17 = 3*y, -20 = -y + 2*k. What is the remainder when o is divided by y?
23
Calculate the remainder when (-3 - (-9 - -4)) + 17 is divided by 11.
8
Suppose 3*z - 128 = -4*k, 6*k - z - 64 = 4*k. Suppose c + 3*c = k. What is the remainder when 29 is divided by c?
5
Let n(z) = z**2 + 3*z + 3. Let j be n(-3). Suppose -2*k - 3*q = -56, 2*q + 14 = k - 0*q. Calculate the remainder when -6*(-2)/j*16 is divided by k.
20
Calculate the remainder when ((-12)/(-9)*-9)/(-2) is divided by 5.
1
Let v(y) = 3*y - 4. Let q be v(6). Suppose o + 2*j = -2*j + q, 2*j = -2*o + 40. What is the remainder when o is divided by (-124)/(-16) - 3/(-12)?
6
Suppose 0*f = -5*f. Suppose -5*t + 125 = -f*t. Calculate the remainder when t is divided by 9.
7
Suppose 9*z - 745 = -124. Let i(j) = 25*j**3 - 1. What is the remainder when z is divided by i(1)?
21
Let a(y) = y**3 + 10*y**2 + 3*y - 5. What is the remainder when a(-9) is divided by 17?
15
Suppose t = -0*t + 3. What is the remainder when 1 - 0 - (-1 - 0) is divided by t - 2*(-1)/(-2)?
0
Let l(a) = 4*a**2 - 6*a - 1. What is the remainder when 8 is divided by l(2)?
2
Let k(z) = -z**2 - 7*z + 3. What is the remainder when 11 is divided by k(-7)?
2
Let l(c) = 3*c**3 - 3*c**2 + c. Suppose -3*r + 4*w + 111 = 0, -r = w + 3*w - 53. What is the remainder when r is divided by l(2)?
13
What is the remainder when 17 is divided by (-8)/32 + (-9)/(-4) - -8?
7
Let s(d) = -d**3 + 5*d**2 + d - 1. Let v be s(5). Suppose 18 = -v*l + 7*l. Calculate the remainder when 25 is divided by (28/(-3))/((-4)/l).
11
Let z = 38 + -17. Calculate the remainder when 39 is divided by z.
18
Let c(g) = 2 + 7*g + 9 + g**2 + 4*g. Suppose z - 39 = -0*z + 4*h, 60 = 2*z + h. Calculate the remainder when z is divided by c(-11).
9
Let y(x) be the third derivative of -x**6/120 - x**5/12 + x**4/4 + x**3/3 - 2*x**2. Calculate the remainder when y(-6) is divided by (-1)/(-2)*12/6.
0
Let m = -70 + 81. Calculate the remainder when 16 is divided by m.
5
Let g = 97 - 57. What is the remainder when 147 is divided by g?
27
Calculate the remainder when 5 + 12 - 1*-2 is divided by 4.
3
Suppose -5*k + 5 = -4*o, -2*k = -2*o + 3*k - 15. Suppose -o*r + 28 = -27. What is the remainder when 42 is divided by r?
9
Let v be (-1 + 13)/((-3)/(-2)). Let a(l) = l + 1. Calculate the remainder when 35 is divided by a(v).
8
Let w(l) = -4*l**3. Let p be w(-1). Suppose -5*a + 0*a = -15. Calculate the remainder when a is divided by (-3)/(1 - 10/p).
1
Let d(m) = m + 2. Calculate the remainder when 19 is divided by d(3).
4
Calculate the remainder when 37 is divided by (17 - -2) + 0/(-4).
18
Let g(d) = d**2 + 4*d - 8. Let t be g(-6). Let r = -4 + t. Suppose -3*m - 28 = -5*i + 4*i, 3*i + 5*m - 14 = r. Calculate the remainder when 25 